{"id":1006602,"date":"2020-11-11T11:37:28","date_gmt":"2020-11-11T11:37:28","guid":{"rendered":"https:\/\/tzosvetanedelja.hr\/?page_id=1006602"},"modified":"2023-12-12T09:29:53","modified_gmt":"2023-12-12T08:29:53","slug":"o-nama","status":"publish","type":"page","link":"https:\/\/tzosvetanedelja.hr\/it\/o-nama\/","title":{"rendered":"Chi siamo"},"content":{"rendered":"<div     class=\"vc_row wpb_row section vc_row-fluid without-header grid_section\" style=' text-align:left;'><div class=\"section_inner clearfix\"><div class='section_inner_margin clearfix'><div class=\"wpb_column vc_column_container vc_col-sm-8\"><div class=\"vc_column-inner\"><div class=\"wpb_wrapper\">\n\t<div class=\"wpb_text_column wpb_content_element\">\n\t\t<div class=\"wpb_wrapper\">\n\t\t\t<h1>Ente turistico del Comune di Santa Domenica (Sveta Nedelja)<\/h1>\n\n\t\t<\/div> \n\t<\/div> <\/div><\/div><\/div><div class=\"wpb_column vc_column_container vc_col-sm-4\"><div class=\"vc_column-inner\"><div class=\"wpb_wrapper\"><\/div><\/div><\/div><\/div><\/div><\/div><div     class=\"vc_row wpb_row section vc_row-fluid vc_custom_1647538277709 grid_section\" style=' text-align:left;'><div class=\"section_inner clearfix\"><div class='section_inner_margin clearfix'><div class=\"wpb_column vc_column_container vc_col-sm-8\"><div class=\"vc_column-inner\"><div class=\"wpb_wrapper\">\n\t<div class=\"wpb_text_column wpb_content_element\">\n\t\t<div class=\"wpb_wrapper\">\n\t\t\t<p class=\"lead\">Turisti\u010dka zajednica Op\u0107ine Sveta Nedelja je turisti\u010dka organizacija osnovana za podru\u010dje Op\u0107ine Sveta Nedelja, radi stvaranja i promicanja identiteta i ugleda turizma Op\u0107ine Sveta Nedelja, planiranja i provedbe zajedni\u010dke strategije i koncepcije razvoja , te podizanja razine kvalitete cjelokupne turisti\u010dke ponude Op\u0107ine Sveta Nedelja.<\/p>\n<p>Tijela Turisti\u010dke zajednice Op\u0107ine Sveta Nedelja su Skup\u0161tina, Turisti\u010dko vije\u0107e i Predsjednik.<\/p>\n<p>Du\u017enost Predsjednika TZ-a obna\u0161a Op\u0107inska Na\u010delnica Op\u0107ine Sveta Nedelja.<\/p>\n<p>Turisti\u010dka zajednica djeluje na temelju godi\u0161njeg Programa rada i financijskog plana koje predla\u017ee Turisti\u010dko vije\u0107e, a donosi Skup\u0161tina.<\/p>\n<p>Prihodi se ostvaruju iz slijede\u0107ih izvora: boravi\u0161na pristojba, turisti\u010dka \u010dlanarina i ostalih izvora.<\/p>\n<p>Stru\u010dna slu\u017eba Turisti\u010dke zajednice je Turisti\u010dki ured sa sjedi\u0161tem na \u0160trmcu 85, koji obavlja stru\u010dne i administrativne poslove koji se odnose na zada\u0107e Turisti\u010dke zajednice.<\/p>\n\n\t\t<\/div> \n\t<\/div> <\/div><\/div><\/div><div class=\"wpb_column vc_column_container vc_col-sm-4\"><div class=\"vc_column-inner\"><div class=\"wpb_wrapper\"><\/div><\/div><\/div><\/div><\/div><\/div>","protected":false},"excerpt":{"rendered":"Turisti\u010dka zajednica Op\u0107ine Sveta Nedelja Turisti\u010dka zajednica Op\u0107ine Sveta Nedelja je turisti\u010dka organizacija osnovana za podru\u010dje Op\u0107ine Sveta Nedelja, radi stvaranja i promicanja identiteta i ugleda turizma Op\u0107ine Sveta Nedelja, planiranja i provedbe zajedni\u010dke strategije i koncepcije razvoja , te podizanja razine kvalitete cjelokupne turisti\u010dke...","protected":false},"author":2,"featured_media":0,"parent":0,"menu_order":0,"comment_status":"closed","ping_status":"closed","template":"","meta":[],"_links":{"self":[{"href":"https:\/\/tzosvetanedelja.hr\/it\/wp-json\/wp\/v2\/pages\/1006602"}],"collection":[{"href":"https:\/\/tzosvetanedelja.hr\/it\/wp-json\/wp\/v2\/pages"}],"about":[{"href":"https:\/\/tzosvetanedelja.hr\/it\/wp-json\/wp\/v2\/types\/page"}],"author":[{"embeddable":true,"href":"https:\/\/tzosvetanedelja.hr\/it\/wp-json\/wp\/v2\/users\/2"}],"replies":[{"embeddable":true,"href":"https:\/\/tzosvetanedelja.hr\/it\/wp-json\/wp\/v2\/comments?post=1006602"}],"version-history":[{"count":13,"href":"https:\/\/tzosvetanedelja.hr\/it\/wp-json\/wp\/v2\/pages\/1006602\/revisions"}],"predecessor-version":[{"id":1012132,"href":"https:\/\/tzosvetanedelja.hr\/it\/wp-json\/wp\/v2\/pages\/1006602\/revisions\/1012132"}],"wp:attachment":[{"href":"https:\/\/tzosvetanedelja.hr\/it\/wp-json\/wp\/v2\/media?parent=1006602"}],"curies":[{"name":"wp","href":"https:\/\/api.w.org\/{rel}","templated":true}]}}

<div     class="vc_row wpb_row section vc_row-fluid without-header grid_section" style=' text-align:left;'><div class="section_inner clearfix"><div class='section_inner_margin clearfix'><div class="wpb_column vc_column_container vc_col-sm-8"><div class="vc_column-inner"><div class="wpb_wrapper">
	<div class="wpb_text_column wpb_content_element">
		<div class="wpb_wrapper">
			<h1>Ente turistico del Comune di Santa Domenica (Sveta Nedelja)</h1>

		</div> 
	</div> </div></div></div><div class="wpb_column vc_column_container vc_col-sm-4"><div class="vc_column-inner"><div class="wpb_wrapper"></div></div></div></div></div></div><div     class="vc_row wpb_row section vc_row-fluid vc_custom_1647538277709 grid_section" style=' text-align:left;'><div class="section_inner clearfix"><div class='section_inner_margin clearfix'><div class="wpb_column vc_column_container vc_col-sm-8"><div class="vc_column-inner"><div class="wpb_wrapper">
	<div class="wpb_text_column wpb_content_element">
		<div class="wpb_wrapper">
			<p class="lead">Turistička zajednica Općine Sveta Nedelja je turistička organizacija osnovana za područje Općine Sveta Nedelja, radi stvaranja i promicanja identiteta i ugleda turizma Općine Sveta Nedelja, planiranja i provedbe zajedničke strategije i koncepcije razvoja , te podizanja razine kvalitete cjelokupne turističke ponude Općine Sveta Nedelja.</p>
<p>Tijela Turističke zajednice Općine Sveta Nedelja su Skupština, Turističko vijeće i Predsjednik.</p>
<p>Dužnost Predsjednika TZ-a obnaša Općinska Načelnica Općine Sveta Nedelja.</p>
<p>Turistička zajednica djeluje na temelju godišnjeg Programa rada i financijskog plana koje predlaže Turističko vijeće, a donosi Skupština.</p>
<p>Prihodi se ostvaruju iz slijedećih izvora: boravišna pristojba, turistička članarina i ostalih izvora.</p>
<p>Stručna služba Turističke zajednice je Turistički ured sa sjedištem na Štrmcu 85, koji obavlja stručne i administrativne poslove koji se odnose na zadaće Turističke zajednice.</p>

		</div> 
	</div> </div></div></div><div class="wpb_column vc_column_container vc_col-sm-4"><div class="vc_column-inner"><div class="wpb_wrapper"></div></div></div></div></div></div>

Turistička zajednica Općine Sveta Nedelja Turistička zajednica Općine Sveta Nedelja je turistička organizacija osnovana za područje Općine Sveta Nedelja, radi stvaranja i promicanja identiteta i ugleda turizma Općine Sveta Nedelja, planiranja i provedbe zajedničke strategije i koncepcije razvoja , te podizanja razine kvalitete cjelokupne turističke...
