{"id":19153,"date":"2014-06-03T11:35:29","date_gmt":"2014-06-03T11:35:29","guid":{"rendered":"http:\/\/demo.select-themes.com\/stockholm8\/?page_id=19153"},"modified":"2020-03-06T21:46:24","modified_gmt":"2020-03-06T21:46:24","slug":"sluzbene-informacije","status":"publish","type":"page","link":"https:\/\/tzosvetanedelja.hr\/it\/sluzbene-informacije\/","title":{"rendered":"Slu\u017ebene informacije"},"content":{"rendered":"<div class=\"sluzbena-div\">\n<div class=\"blue-line\"><\/div>\n<h2 class=\"sluzbena-naslov\">Slu\u017ebene informacije<\/h2>\n<p>2020<\/p>\n<p><a class=\"ikone-sluzbena\" href=\"https:\/\/tzosvetanedelja.hr\/wp-content\/uploads\/2020\/03\/1.-Izjava-o-za\u0161titi-osobnih-podataka-1.doc\">1. Izjava o za\u0161titi osobnih podataka (1)<\/a><\/p>\n<p><a class=\"ikone-sluzbena\" href=\"https:\/\/tzosvetanedelja.hr\/wp-content\/uploads\/2020\/03\/1.-Izjava-o-za\u0161titi-osobnih-podataka-1.doc\">1. Izjava o za\u0161titi osobnih podataka (1)<\/a><\/p>\n<p><a class=\"ikone-sluzbena\" href=\"https:\/\/tzosvetanedelja.hr\/wp-content\/uploads\/2020\/03\/1.-Izjava-o-za\u0161titi-osobnih-podataka-1.doc\">1. Izjava o za\u0161titi osobnih podataka (1)<\/a><\/p>\n<p><a class=\"ikone-sluzbena\" href=\"https:\/\/tzosvetanedelja.hr\/wp-content\/uploads\/2020\/03\/1.-Izjava-o-za\u0161titi-osobnih-podataka-1.doc\">1. Izjava o za\u0161titi osobnih podataka (1)<\/a><\/p>\n<p><a class=\"ikone-sluzbena\" href=\"https:\/\/tzosvetanedelja.hr\/wp-content\/uploads\/2020\/03\/1.-Izjava-o-za\u0161titi-osobnih-podataka-1.doc\">1. Izjava o za\u0161titi osobnih podataka (1)<\/a><\/p>\n<p><a class=\"ikone-sluzbena\" href=\"https:\/\/tzosvetanedelja.hr\/wp-content\/uploads\/2020\/03\/1.-Izjava-o-za\u0161titi-osobnih-podataka-1.doc\">1. Izjava o za\u0161titi osobnih podataka (1)<\/a><\/p>\n<p><a class=\"ikone-sluzbena\" href=\"https:\/\/tzosvetanedelja.hr\/wp-content\/uploads\/2020\/03\/1.-Izjava-o-za\u0161titi-osobnih-podataka-1.doc\">1. Izjava o za\u0161titi osobnih podataka (1)<\/a><\/p>\n<p><a class=\"ikone-sluzbena\" href=\"https:\/\/tzosvetanedelja.hr\/wp-content\/uploads\/2020\/03\/1.-Izjava-o-za\u0161titi-osobnih-podataka-1.doc\">1. Izjava o za\u0161titi osobnih podataka (1)<\/a><\/p>\n<p><a class=\"ikone-sluzbena\" href=\"https:\/\/tzosvetanedelja.hr\/wp-content\/uploads\/2020\/03\/1.-Izjava-o-za\u0161titi-osobnih-podataka-1.doc\">1. Izjava o za\u0161titi osobnih podataka (1)<\/a><\/p>\n<p>&nbsp;<\/p>\n<p>2019<\/p>\n<p><a class=\"ikone-sluzbena\" href=\"https:\/\/tzosvetanedelja.hr\/wp-content\/uploads\/2020\/03\/1.-Izjava-o-za\u0161titi-osobnih-podataka-1.doc\">1. Izjava o za\u0161titi osobnih podataka (1)<\/a><\/p>\n<p><a class=\"ikone-sluzbena\" href=\"https:\/\/tzosvetanedelja.hr\/wp-content\/uploads\/2020\/03\/1.-Izjava-o-za\u0161titi-osobnih-podataka-1.doc\">1. Izjava o za\u0161titi osobnih podataka (1)<\/a><\/p>\n<p><a class=\"ikone-sluzbena\" href=\"https:\/\/tzosvetanedelja.hr\/wp-content\/uploads\/2020\/03\/1.-Izjava-o-za\u0161titi-osobnih-podataka-1.doc\">1. Izjava o za\u0161titi osobnih podataka (1)<\/a><\/p>\n<p><a class=\"ikone-sluzbena\" href=\"https:\/\/tzosvetanedelja.hr\/wp-content\/uploads\/2020\/03\/1.-Izjava-o-za\u0161titi-osobnih-podataka-1.doc\">1. Izjava o za\u0161titi osobnih podataka (1)<\/a><\/p>\n<p><a class=\"ikone-sluzbena\" href=\"https:\/\/tzosvetanedelja.hr\/wp-content\/uploads\/2020\/03\/1.-Izjava-o-za\u0161titi-osobnih-podataka-1.doc\">1. Izjava o za\u0161titi osobnih podataka (1)<\/a><\/p>\n<\/div>","protected":false},"excerpt":{"rendered":"<p>Slu\u017ebene informacije 2020 1. Izjava o za\u0161titi osobnih podataka (1) 1. Izjava o za\u0161titi osobnih podataka (1) 1. Izjava o za\u0161titi osobnih podataka (1) 1. Izjava o za\u0161titi osobnih podataka (1) 1. Izjava o za\u0161titi osobnih podataka (1) 1. Izjava o za\u0161titi osobnih podataka (1)&#8230;<\/p>","protected":false},"author":2,"featured_media":0,"parent":0,"menu_order":0,"comment_status":"open","ping_status":"open","template":"","meta":[],"_links":{"self":[{"href":"https:\/\/tzosvetanedelja.hr\/it\/wp-json\/wp\/v2\/pages\/19153"}],"collection":[{"href":"https:\/\/tzosvetanedelja.hr\/it\/wp-json\/wp\/v2\/pages"}],"about":[{"href":"https:\/\/tzosvetanedelja.hr\/it\/wp-json\/wp\/v2\/types\/page"}],"author":[{"embeddable":true,"href":"https:\/\/tzosvetanedelja.hr\/it\/wp-json\/wp\/v2\/users\/2"}],"replies":[{"embeddable":true,"href":"https:\/\/tzosvetanedelja.hr\/it\/wp-json\/wp\/v2\/comments?post=19153"}],"version-history":[{"count":30,"href":"https:\/\/tzosvetanedelja.hr\/it\/wp-json\/wp\/v2\/pages\/19153\/revisions"}],"predecessor-version":[{"id":1006205,"href":"https:\/\/tzosvetanedelja.hr\/it\/wp-json\/wp\/v2\/pages\/19153\/revisions\/1006205"}],"wp:attachment":[{"href":"https:\/\/tzosvetanedelja.hr\/it\/wp-json\/wp\/v2\/media?parent=19153"}],"curies":[{"name":"wp","href":"https:\/\/api.w.org\/{rel}","templated":true}]}}

Službene informacije

<div class="sluzbena-div">
<div class="blue-line"></div>
<h2 class="sluzbena-naslov">Službene informacije</h2>
<p>2020</p>
<p><a class="ikone-sluzbena" href="https://tzosvetanedelja.hr/wp-content/uploads/2020/03/1.-Izjava-o-zaštiti-osobnih-podataka-1.doc">1. Izjava o zaštiti osobnih podataka (1)</a></p>
<p><a class="ikone-sluzbena" href="https://tzosvetanedelja.hr/wp-content/uploads/2020/03/1.-Izjava-o-zaštiti-osobnih-podataka-1.doc">1. Izjava o zaštiti osobnih podataka (1)</a></p>
<p><a class="ikone-sluzbena" href="https://tzosvetanedelja.hr/wp-content/uploads/2020/03/1.-Izjava-o-zaštiti-osobnih-podataka-1.doc">1. Izjava o zaštiti osobnih podataka (1)</a></p>
<p><a class="ikone-sluzbena" href="https://tzosvetanedelja.hr/wp-content/uploads/2020/03/1.-Izjava-o-zaštiti-osobnih-podataka-1.doc">1. Izjava o zaštiti osobnih podataka (1)</a></p>
<p><a class="ikone-sluzbena" href="https://tzosvetanedelja.hr/wp-content/uploads/2020/03/1.-Izjava-o-zaštiti-osobnih-podataka-1.doc">1. Izjava o zaštiti osobnih podataka (1)</a></p>
<p><a class="ikone-sluzbena" href="https://tzosvetanedelja.hr/wp-content/uploads/2020/03/1.-Izjava-o-zaštiti-osobnih-podataka-1.doc">1. Izjava o zaštiti osobnih podataka (1)</a></p>
<p><a class="ikone-sluzbena" href="https://tzosvetanedelja.hr/wp-content/uploads/2020/03/1.-Izjava-o-zaštiti-osobnih-podataka-1.doc">1. Izjava o zaštiti osobnih podataka (1)</a></p>
<p><a class="ikone-sluzbena" href="https://tzosvetanedelja.hr/wp-content/uploads/2020/03/1.-Izjava-o-zaštiti-osobnih-podataka-1.doc">1. Izjava o zaštiti osobnih podataka (1)</a></p>
<p><a class="ikone-sluzbena" href="https://tzosvetanedelja.hr/wp-content/uploads/2020/03/1.-Izjava-o-zaštiti-osobnih-podataka-1.doc">1. Izjava o zaštiti osobnih podataka (1)</a></p>
<p>&nbsp;</p>
<p>2019</p>
<p><a class="ikone-sluzbena" href="https://tzosvetanedelja.hr/wp-content/uploads/2020/03/1.-Izjava-o-zaštiti-osobnih-podataka-1.doc">1. Izjava o zaštiti osobnih podataka (1)</a></p>
<p><a class="ikone-sluzbena" href="https://tzosvetanedelja.hr/wp-content/uploads/2020/03/1.-Izjava-o-zaštiti-osobnih-podataka-1.doc">1. Izjava o zaštiti osobnih podataka (1)</a></p>
<p><a class="ikone-sluzbena" href="https://tzosvetanedelja.hr/wp-content/uploads/2020/03/1.-Izjava-o-zaštiti-osobnih-podataka-1.doc">1. Izjava o zaštiti osobnih podataka (1)</a></p>
<p><a class="ikone-sluzbena" href="https://tzosvetanedelja.hr/wp-content/uploads/2020/03/1.-Izjava-o-zaštiti-osobnih-podataka-1.doc">1. Izjava o zaštiti osobnih podataka (1)</a></p>
<p><a class="ikone-sluzbena" href="https://tzosvetanedelja.hr/wp-content/uploads/2020/03/1.-Izjava-o-zaštiti-osobnih-podataka-1.doc">1. Izjava o zaštiti osobnih podataka (1)</a></p>
</div>

<p>Službene informacije 2020 1. Izjava o zaštiti osobnih podataka (1) 1. Izjava o zaštiti osobnih podataka (1) 1. Izjava o zaštiti osobnih podataka (1) 1. Izjava o zaštiti osobnih podataka (1) 1. Izjava o zaštiti osobnih podataka (1) 1. Izjava o zaštiti osobnih podataka (1)&#8230;</p>
